, -514 = -2*t + 4*m. Suppose -t - 35 = -6*s. Suppose -3*g - s = -b, 0 = 5*b - 3*g - 331 + 36. What is the tens digit of b?
6
Let x(u) = -u**2 + 8*u - 15. Let j be x(5). Suppose -6*n = -3*n - q - 974, j = -2*n - 5*q + 621. Let b = -32 + n. What is the units digit of b?
1
Suppose l - 134 = k, -k = 5*l - 4*l - 128. Let d = l - -79. What is the tens digit of d?
1
Let l(o) = -5*o**3 - 574*o**2 - 12 + 9 + 568*o**2. What is the hundreds digit of l(-6)?
8
Let n = 92 + -94. Let b(p) = 205*p - 3. Let c be b(n). Let t = 595 + c. What is the units digit of t?
2
Let t be 0 + -1 + 1 + 0. Let m(g) = 54*g - 2465. Let o be m(47). Suppose t = 4*y - o + 1. What is the units digit of y?
8
What is the hundreds digit of 692887/117 + (-16)/(-18)?
9
Suppose 0*s + 29 = 2*s - 3*x, -2*s - 11 = 5*x. Suppose 5070 = 3*r + s*r. What is the hundreds digit of r?
5
Let t(a) = -483*a - 16. Suppose -11*i + 35 = -4*i. Let m be t(i). What is the hundreds digit of m/(-22) - 1/2?
1
Suppose 2*g = 74 - 50. Suppose 9*d - g*d + 4*t = -1625, -4*d - 3*t = -2200. What is the hundreds digit of d?
5
Let w = 11637 - 4370. Suppose 7*c - w = -6*c. What is the units digit of c?
9
Let a = 652 - 1144. Let o = a - -515. What is the units digit of o?
3
Let q(s) = 44*s - 16. Let d be q(1). Suppose 31*h - 252 = d*h. What is the units digit of h?
4
Let h be 0/(-6 - (-6 + -1)). Suppose h = 4*u - 4*f + 81 - 2997, -4*u + 2918 = -2*f. What is the hundreds digit of u?
7
Suppose 4*m - 70761 = -3*k, -2*m + 47170 = 29*k - 27*k. What is the ten thousands digit of k?
2
Let t(f) = f**3 + 11*f**2 - 4*f + 3. Let n be t(-10). Suppose -5*z = -8*z + l + n, 0 = -2*z + l + 94. What is the units digit of z?
9
Let n = 23455 - 13601. What is the tens digit of n?
5
Let n(g) = 3*g**3 - 11*g**2 + 4*g + 8. Let s be n(5). Let l = -116 + s. What is the tens digit of l?
1
Let k = -661 - -997. Suppose 2*o - k = 520. What is the hundreds digit of o?
4
Let i(z) = -13 - 13*z**3 - 5*z**3 + 17*z**3 - 6*z + 11*z**2. Let s be i(7). Suppose -3*b = -4*p - 109, -2*b - 5*p + s - 30 = 0. What is the units digit of b?
3
Let x(g) = -58*g + 124. Let n be x(-6). Suppose 3*m - 1035 = -4*j, 2*j - 5*m = n + 65. What is the units digit of j?
1
Suppose 47*k - 111595 - 53613 = 417498. What is the tens digit of k?
9
Suppose 8*o - 4*o - 101 = -3*a, -2*o + 4*a = -78. Let v = -23 + o. What is the tens digit of 56/v*(-3 + 12)?
8
Suppose 3*t + p + 12943 = 75930, 5*p = 4*t - 84027. What is the thousands digit of t?
0
Let u(f) = -f. Let x(a) = 18*a + 18. Let s(o) = -4*u(o) - x(o). Let l be 210/(-25) - 2/(-5). What is the units digit of s(l)?
4
Let p = 131 + -126. Suppose 594 = 3*b - 3*u, -p*b - u + 1006 = 2*u. What is the hundreds digit of b?
2
What is the hundreds digit of (-5*4/40*-4)/(5/40525)?
2
Let b(i) = 1542*i - 156. What is the tens digit of b(12)?
4
Suppose 4*v = 4*y - 0*y - 268, -3*y - v = -185. Let r be y/28*152/3. Suppose -2*b + 5*q + r = 2*b, -3*b + 91 = -q. What is the units digit of b?
1
Let r be 14/4*(-20)/(-14). Let f be (2 + r + -1)/((-3)/111). What is the tens digit of (-7)/((-84)/(-16))*f/2?
4
What is the thousands digit of (5 - 14 - 218754/36)/((-1)/2)?
2
Let l(b) = b**3 + 17*b**2 + 28*b + 3. Let n be l(-5). Let k be (2 - 8)*(1 - -1). Let m = n + k. What is the units digit of m?
1
Suppose -p = -2*h - 2857, -6*p + 4*h - 11440 = -10*p. What is the tens digit of p?
5
Let j = 22238 - 2728. What is the tens digit of j?
1
Let f(d) = -16281*d**3 - d**2 + d + 1. Let z be f(-1). What is the tens digit of -8*(z/(-154) + (-4)/14)?
4
Let t(f) = f**3 - 8*f**2 + 15*f - 16. Let a be t(6). Suppose a*h + 2 - 6 = 0. Suppose -h*p + 186 = 4*y, -4*y = p - 141 + 38. What is the tens digit of p?
8
Suppose -35*r = 448*r - 13013609 - 9685459. What is the tens digit of r?
9
Let o = 3487 + 26707. What is the thousands digit of o?
0
Suppose 5*b - 65 = -0. Suppose -12*j - 60 = -b*j. What is the units digit of 2/(0 - -2) + j?
1
Let x(n) = -n**2 + 2 + 16*n + 0*n**2 + 14. Suppose 2*o + 9 = 3*o. What is the units digit of x(o)?
9
Let w(f) = -51*f - 301. Let n be w(-6). Suppose -j + 4*s = -883, 0*j + 5*j + n*s = 4490. What is the units digit of j?
5
Let n(o) = 3*o**2 - 8*o + 57. Let c = -345 - -357. What is the units digit of n(c)?
3
Let y(c) = -14*c - 9. Let j be y(1). Let d(t) = t**3 + 25*t**2 + 32*t + 49. What is the tens digit of d(j)?
7
Let d(i) = i**3 - 5*i**2 - i + 7. Let b be d(5). Let z be (1/b)/((-14)/(-280)). Let x = 11 + z. What is the tens digit of x?
2
Let z = 53 - 51. Suppose 2*l = -z*w, -1 = -l - 4. Suppose -p = -4*j + w*j - 196, -j - 388 = -2*p. What is the units digit of p?
2
Suppose 0 = -4*h - x + 35, -2*h + 5*x = 2*h - 41. Suppose h*m = 7*m - 18. Let c = 47 - m. What is the units digit of c?
6
Let j = 321 - 321. What is the tens digit of (j - -4 - (1 - -1)) + 219?
2
Let g(c) = -16*c + 9*c**3 - 22*c**3 + 37 + 14*c**2 + 5*c**3 + 9*c**3. What is the tens digit of g(-15)?
5
Suppose 4*w = -0*w - 5*w. Let b be 2 - 3 - -4 - w. Suppose -c - 3*c + 232 = -u, -2*c + 116 = b*u. What is the tens digit of c?
5
Suppose 2*z + w = 63380, 44*z - 95066 = 41*z - 2*w. What is the tens digit of z?
9
Suppose 4*i = -2*s + 4*s - 18, 5*s - 33 = 4*i. Let q(j) = -j**2 - j + 5. Let t be q(0). Suppose -s*l = t*l - 1360. What is the tens digit of l?
3
Let j = -181 - -189. Let n(g) = 4*g**2 + g - 38. What is the tens digit of n(j)?
2
Let m(s) = s**3 - 23*s**2 + 4*s - 27. Let p be 2/3 - 1139/(-51). What is the units digit of m(p)?
5
What is the thousands digit of 337161/136 + (-13)/104?
2
Let j = 48 - 33. Let v be (-10)/j*(-4 + 1). What is the units digit of 122*v/4 - -4?
5
Let y(i) be the second derivative of i**3/6 + 7*i**2/2 + 13*i - 1. Suppose l + 4*l = 20. What is the tens digit of y(l)?
1
Let n be -1 + (-3)/2 + (-4)/(-8). Let c = n + 5. Suppose 0 = 4*w + c*o + o - 448, 4*w = 4*o + 408. What is the units digit of w?
7
Suppose 43*h + 295105 = 1738056. What is the tens digit of h?
5
Let u be (9/(-15) + (-2)/5)*-6. Let a(t) = 15*t - 85. Let g be a(u). Suppose -762 = -g*o + 218. What is the hundreds digit of o?
1
What is the hundreds digit of 120796702/3621 + 8/(-204)?
3
Let o(c) = -56*c**2 - 2*c + 1. Let t be o(1). Let v = t + 55. What is the units digit of (-2 - v - -1) + -1 + 24?
4
Suppose i = 2*d - 1447, -2*i - 194 = -2*d + 1252. Let y = d - 342. What is the tens digit of y?
8
Let r = -18 - -22. Let w be 2/(-5) - r/(80/(-28)). Let y = 60 + w. What is the tens digit of y?
6
Let c(b) = b**3 + 18*b**2 - b - 10. Let o be c(-18). Suppose 2*s + o - 56 = 3*k, 0 = 2*k + 4. What is the units digit of (s/(-2))/((-21)/140)?
0
What is the tens digit of 36068128/2575 - 2/50?
0
Suppose -d + 3*g + 30470 = 0, 5*d - 115*g = -110*g + 152400. What is the units digit of d?
5
What is the tens digit of ((-924)/126)/(1/(-8751))?
7
Suppose -4*b + 6*k + 4304 = 2*k, 3231 = 3*b - 2*k. Suppose -b - 916 = -5*l. Suppose 3*f + s + s = l, 5*f + 5*s = 660. What is the units digit of f?
5
Suppose 6631*n + 102840 = 6643*n. What is the hundreds digit of n?
5
Let l be (3 - 5)/((-1)/2). Suppose 2*w - 8490 = -l*w. Suppose 520 = -5*q + w. What is the tens digit of q?
7
What is the hundreds digit of 157378*21/(-11 - -53)?
6
Let o(x) = -1538*x - 1120. What is the tens digit of o(-5)?
7
Let u(d) be the second derivative of -3*d**2 + 1/10*d**5 - 13*d + 0 - d**3 - 3/4*d**4. What is the units digit of u(6)?
6
Suppose 2*c + 5*l = 20661 - 2366, 27448 = 3*c + 2*l. What is the units digit of c?
0
Let s(t) = t**2 + 25*t**3 + 10*t**2 + 9 + 2*t**2 - 3*t - 26*t**3 + 8*t. What is the tens digit of s(8)?
6
Let w be (-4 - -4) + (-1 - -4). Suppose -2908 = -4*n - 2*m + 368, -3*m - 2475 = -w*n. What is the units digit of n?
1
Let g = 36 - 13. Let s(h) = h**3 + 10*h**2 + 19*h - 11. Let b be s(-7). What is the tens digit of (g/b)/((-6)/(-126))?
6
Let l(w) = w**2 - 3*w - 12. Let v be l(7). Let n be (-6)/(-4)*v/60*5. Suppose 0 = -5*s + 4*f + 1121, -2*s - n*f = -496 + 62. What is the units digit of s?
1
Let k be (5 - 0)*(-4416)/(-320). Suppose 139 - 645 = -2*r. Suppose -r = -2*l - k. What is the tens digit of l?
9
Suppose -9514 = -2*n - 4*q, 2*n - 5*q = -2348 + 11880. What is the thousands digit of n?
4
Suppose -30 = 5*g - 3*p, -4*p = 2*g + p + 12. What is the units digit of 3*(-2 - (34/g + -4))?
3
Let p = -28 - -30. Suppose -3*b - 2 = -b 